 (-13 + 8) - -2.
2
Evaluate -1 + 5 + -8 + -1.
-5
Calculate -3 + -2 + (-2 - -5).
-2
Calculate (-13 - -14) + 1 + -1 + 2.
3
What is (-8 - -10) + -3 + 1?
0
(6 - 5 - -1) + -5
-3
What is -18 + 16 + (2 - -4)?
4
Calculate -4 - 1 - (2 + -2).
-5
What is 11 - ((-3 - -3) + 8)?
3
1 + (0 - 3) + -1
-3
What is the value of -1 - -2 - (-49 + 43)?
7
What is the value of 6 + (-1 - 2) + -1?
2
6 - (4 + 6 + 6 + -6)
-4
What is the value of 15 + (9 - 14) + -8?
2
-1 - (-6 + (0 - -5))
0
What is the value of 0 + (4 - 16) + 7 - 1?
-6
What is the value of 2 + 6 + 4 + -9?
3
What is -6 - (-10 - -9 - 0)?
-5
What is the value of 2 + 1 - (8 - 10)?
5
Calculate 3 + (1 - 0) - (0 - 1).
5
Calculate 2 + 6 + (0 + -5 - -2).
5
(-7 + 6 - (-8 + 1)) + -1
5
-3 + (1 - (11 - 8) - -10)
5
1 - -1 - ((5 - 3) + 3)
-3
-2 + 0 + 2 + 0
0
What is the value of (2 - (1 - 1)) + 2?
4
What is the value of -9 - -10 - (0 + (2 - 6))?
5
Calculate 8 + -3 + (-3 - 7).
-5
Evaluate 4 + 10 - (12 + -5).
7
Calculate 1 + -4 + 3 - (-1 + 4).
-3
-5 - (-1 + 1 + -1)
-4
(22 - 22) + (2 - -1) + -6
-3
Evaluate -4 - (-10 - -14 - (2 - -1)).
-5
Calculate -26 + 30 - (2 - (1 + -5)).
-2
What is -59 - -54 - (4 + -16)?
7
Calculate 11 + -12 - (-2 + 4 + -8).
5
2 + 5 + -8 + (2 - 0)
1
Evaluate -14 - (-2 + -5) - -5.
-2
(0 - 2) + (2 - 0) + -3
-3
What is (-1 - (-3 + 6)) + 10 + -10?
-4
Calculate -3 + (-4 - (3 - (11 - 4))).
-3
Evaluate -3 - (1 + 4 - (1 + 18)).
11
Calculate 3 + 11 - (-2 + (14 - 6)).
8
Calculate 5 - -8 - (-6 - -18).
1
Calculate 0 - -3 - 8 - 1.
-6
Evaluate (13 - -3) + -7 + -9.
0
Calculate 0 + 0 + -7 - (17 - 19).
-5
What is 0 + 6 - (1 - (4 + -7))?
2
What is 2 + -1 - (-2 - (3 - 1))?
5
(17 - 5) + (-15 - 0)
-3
Calculate 4 - ((3 - 2) + 6).
-3
What is -2 - (3 - (6 + 4))?
5
What is the value of (0 - 1) + -105 + 107?
1
Evaluate 4 + 2 + 3 + -1 + -4.
4
What is the value of 1 + (-10 - -2) + 41 + -43?
-9
Calculate -11 + (-10 - -30) - (3 - 1).
7
Evaluate 2 + (-2 - 4) - 1.
-5
What is the value of 2 - (3 + -8) - 4?
3
What is the value of 2 + -2 + -3 + (15 - 11)?
1
What is the value of (-2 - (-11 + 4 + 3)) + 1?
3
What is -10 - (-7 + 13 + -21)?
5
Evaluate 2 - (-3 - (1 + -5) - 4).
5
What is the value of -10 - (-6 + -1 + 2 - 0)?
-5
Evaluate -2 + (8 - 3) + -1.
2
Evaluate (-3 + 3 + -6 - -4) + 0.
-2
What is the value of (-2 - 8 - 3) + 8 + 0?
-5
(4 - 12 - -3) + -1
-6
What is the value of 4 - (-3 + 5 - 1)?
3
(1 - (6 + -9)) + -6
-2
What is the value of 32 + -34 + -2 + (1 - -6)?
3
Calculate (-1 + 1 - (-5 + 7)) + -2.
-4
What is (-21 - 0 - -17) + 1 + 6?
3
What is the value of 0 + 11 - 1 - 13?
-3
(-4 - 0) + -3 - -2
-5
Evaluate 1 + (-5 - -10) + -7.
-1
Evaluate -8 + (-3 - -5 - 1) + 4.
-3
Calculate ((6 - 0) + -7 - 5) + 4.
-2
Evaluate 0 + -4 + (99 - 96).
-1
Calculate (-8 - -5) + 3 + -1 - 2.
-3
What is the value of (-5 - (-1 - -1 - 3)) + 5?
3
What is the value of 0 - (-2 + 7) - -4?
-1
What is the value of -4 + -2 + 6 + -5?
-5
0 - (3 - (-4 - -2)) - -12
7
-1 + -1 + -1 - (1 + -2)
-2
What is the value of (-1 - (-5 - -10)) + 9?
3
-2 + (3 + -1 - (-1 - -4))
-3
What is 1 - ((-7 - -4) + 0)?
4
Evaluate -1 + 1 + (9 - 2) + -5.
2
Evaluate -3 + -7 + (-1 - (-1 - 2)).
-8
What is (-10 - -28) + -9 + -5?
4
Evaluate 4 - 0 - 4 - 3.
-3
Calculate 9 + -1 + 10 + -9.
9
What is -13 + 14 + -1 - (-10 + 2)?
8
2 + 4 - (-7 + 12)
1
Calculate 9 + -3 + (-5 - -7 - 2).
6
-9 - 0 - (-1 + -1 + 0)
-7
-14 - -8 - -3 - (2 - 3)
-2
Evaluate (2 - 4) + -10 - (3 + -8).
-7
0 + 6 - (-1 + 4)
3
What is -3 + 2 + -2 + 2?
-1
Calculate 7 - -4 - 11 - -5.
5
What is -4 + -1 + -4 + 5?
-4
What is -7 - (0 - 2 - 1)?
-4
Evaluate 12 + -19 - (-2 - -7 - 10).
-2
Calculate -43 + 37 - (-4 + -1).
-1
What is -6 + 5 + 21 + -24?
-4
(7 - 1) + -10 - 2
-6
Calculate (6 + -3 - 0) + -7.
-4
Calculate -9 + (-2 - -11) + -1 + -1.
-2
What is the value of 0 - (-4 - (-18 - -7) - 0)?
-7
What is the value of 0 - (-2 + -2 + 5) - 4?
-5
What is (1 - -2) + -3 + 0?
0
Evaluate 4 + -9 + 2 + 7.
4
Evaluate 6 - (5 - 1 - -1).
1
Calculate -3 + (5 - (-3 + 1)).
4
Evaluate (-5 + 1 + 2 - 4) + 1.
-5
What is (6 - 5) + -11 + 6?
-4
What is -5 + 12 + -6 + 0?
1
What is the value of 8 + -3 + -2 - 0?
3
Calculate -4 - ((37 - 44) + 6 + -1).
-2
1 - (2 - 5) - 6 - -5
3
Calculate -8 - (0 - (7 - 0)).
-1
What is the value of (-3 - (1 + -6)) + 0?
2
What is -3 - (3 - (-3 - (-3 - 2)))?
-4
What is (12 - 10) + -5 + 1?
-2
Evaluate -5 + 20 - 0 - (3 - -4).
8
-33 + 23 + -1 + (9 - 1)
-3
Evaluate 4 + -2 + -3 + 2 + 3.
4
What is 4 - (-4 + 4 - (0 + -1))?
3
Calculate -12 - (-14 - (-1 + -5)).
-4
Evaluate 1 - (3 + 0 - (0 + 0)).
-2
What is the value of -14 + (-10 - -8 - -10)?
-6
Calculate 7 + (-2 - (-3 - -7) - -2).
3
Evaluate 2 + -4 + -3 - -2.
-3
(-10 + -2 - 3) + 7
-8
What is -4 + 5 + 16 + -21?
-4
-1 + 8 - (11 + (-5 - 3))
4
What is (2 - (8 - 4)) + 6 + 0?
4
What is -1 + (-6 - -4) - (-1 + 0)?
-2
(-4 + 4 - 0) + -3 + -2
-5
What is 5 - (-1 - ((2 - 0) + -6))?
2
3 + (2 - 0) - (24 - 25)
6
Calculate (-4 - -7 - 4) + 4.
3
What is 5 + -5 + 2 - 5?
-3
Evaluate (1 - -1) + 0 + 3.
5
What is the value of -6 + (-2 - -4 - -2)?
-2
Calculate (6 + -7 - -3) + -8 + 2.
-4
Evaluate 6 + (5 - 16) + -5 + 6.
-4
Calculate -4 - (-8 - (1 - 0 - 2)).
3
What is the value of -11 - (3 + -8) - (-1 + -10)?
5
What is the value of -37 + 35 + -2 + 8?
4
-3 - (-1 - -2) - (-68 - -64)
0
Calculate 1 + (-5 - -13) + -11.
-2
Calculate 3 - (2 - 1 - -2).
0
4 + -12 + -3 + 5 + 0
-6
24 - 34 - (-3 + (0 - 0))
-7
Calculate 1 + 0 + -3 + 5.
3
What is -2 + (-3 - -6) + -6?
-5
Calculate -1 - (-8 - (-13 - (-13 + 6))).
1
6 - (12 - -1) - (4 - 4)
-7
What is the value of -7 + (13 + -2 - 5)?
-1
Evaluate -7 - (0 + 0 + -6 + 4).
-5
Calculate 1 + 0 + (-2 - (3 + -5)).
1
Evaluate (10 - 22 - -7) + -4 + 19.
10
What is -1 + -1 - 1 - (-60 - -52)?
5
What is the value of (-143 - -146) + (-9 - -1)?
-5
What is 2 + -7 - -5 - (-1 + 0)?
1
What is 2 + -5 - (-14 + 15)?
-4
Evaluate 10 - (-4 - -5) - 11.
-2
Calculate -6 + (3 - (2 - 1)).
-4
Calculate 3 + 3 + -6 + 3 + -3.
0
(0 - 10) + -15 + (19 - -2)
-4
What is (8 + -3 + -3 - 7) + -4?
-9
What is (1 - (-2 - -2) - 3) + 1?
-1
Evaluate 9 + -13 + (3 - 1).
-2
-4 - (3 - (2 + 10))
5
What is -3 + -3 + 3 + 3 + -5?
-5
What is -10 + 7 - -7 - (-3 - 1)?
8
Evaluate 4 + -1 + 9 + -12 + -3.
-3
Calculate -3 + 11 + -1 - (4 + 0).
3
(-4 - -3 - 4 - -1) + 3
-1
Evaluate (3 - -5) + 1 - 3.
6
Calculate 13 + -4 + (-8 - -6).
7
Calculate 1 - 4 - (14 + -18).
1
What is the value of -8 - (-4 + 7 - (-5 + 16))?
0
10 + (-13 - -6) + -7
-4
Evaluate -1 - (-1 - 8 - -4).
4
-13 + 11 + -10 - -11
-1
What is the value of -3 - 2 - (3 - (-1 + 5))?
-4
What is 1 + (9 - 6) + (-4 - -4)?
4
7 - -3 - -4 - 7
7
What is 18 + -12 - (3 - -3)?
0
What is 13 + (8 - (32 + -1))?
-10
Calculate (-3 - (0 - 11)) + 3 + -5.
6
What is the value of -9 + (1 - (2 - 5))?
-5
What is (-12 - -6) + (0 - 2) + 8?
0
Evaluate (-7 - -6 - 4) + 9.
4
What is the value of -14 + 12 + -2 + 1 + 0?
-3
6 - (2 + 1 + 2)
1
-3 + 7 - 0 - 6
-2
4 - ((-1 + -3 - -2) + 4)
2
What is 5 + (0 - -4) + 5 + -9?
5
What is 10 + 12 + -8 + -8?
6
7 + (2 - 2) + -6 - -6
7
Calculate (-5 - -2) + 5 - 0.
2
What is -12 + (-8 + 7 - -8)?
-5
Evaluate 2 - (0 - -1 - 2).
3
Calculate 9 + (-6 + 3 - 4).
2
(0 + 1 + -2 - -8) + -5
2
Calculate (0 - -2) + -2 - (0 - 1).
1
Evaluate 12 + -3 + (-25 - -11).
-5
What is the value of 12 - ((-4 - (5 - 11)) + 4)?
6
Calculate -1 + 2 + (-1 - -5).
5
What is the value of (-1 - (7 + 2)) + 12?
2
What is -2 + 4 - -9 - 6?
5
Calculate -6 - (-6 + (-1 - -4) + 0).
-3
What is the value of -3 + 6 - (5 + (-1 - 0))?
-1
Evaluate 3 + -1 - 0 - 2.
0
Calculate (8 - 5) + -7 + 10 + -3.
3
Evaluate (1 - 5 - (-4 - 8)) + -3.
5
Calculate (22 - 6) + -8 + -2.
6
What is (-23 - -21) + 3 + -3?
-2
Evaluate 7 - 6 - 8 - -10.
3
Evaluate 1 + (-8 - 3) - -6.
-4
What is the value of (-4 - -2) + -3 + (7 - 6)?
-4
Calculate -2 + -8 + 3 + 7.
0
Evaluate -8 + 1 - (8 - 9 - 7).
1
What is the value of 0 + 6 + -1 - 6?
-1
Calculate -25 - -16 - (-9 - -2) - 1.
-3
What is -7 - -8 - 0 - (-1 - 1)?
3
Calculate (5 - 8 - -8) + -3.
2
1 - 1 - (-6 + 5)
1
1 + -7 + 0 + 3
-3
What is -1 - (2 + (-1 - 6))?
4
0 + (-7 - -4) - (-1 + 1)
-3
Calculate 3 + (2 - 5) - -3.
3
Calculate -1 - (11 + -5 - (2 + 3)).
-2
What is the value of -6 - (-2 - 0) - (-3 + -4)?
3
Evaluate (22 - 14) + -9 + 3 + -1.
1
Calculate -3 + (0 - -4) - (5 - 1).
-3
Calculate -32 + 26 - (-3 - 0 - 1).
-2
Evaluate -24 + 24 + 3 + 0.
3
10 + 1 + (-